 tens digit of 9325331?
3
What is the tens digit of 510110?
1
What is the hundred thousands digit of 832131?
8
What is the hundreds digit of 29623552?
5
What is the tens digit of 1444409?
0
What is the hundreds digit of 43837?
8
What is the hundreds digit of 2169147?
1
What is the thousands digit of 1707575?
7
What is the ten thousands digit of 1629067?
2
What is the hundreds digit of 27463809?
8
What is the ten thousands digit of 57662?
5
What is the hundreds digit of 64157?
1
What is the tens digit of 223848?
4
What is the thousands digit of 288080?
8
What is the hundred thousands digit of 2601020?
6
What is the tens digit of 3487968?
6
What is the hundreds digit of 9836542?
5
What is the millions digit of 1679698?
1
What is the thousands digit of 12455658?
5
What is the ten thousands digit of 5195671?
9
What is the hundred thousands digit of 1572055?
5
What is the tens digit of 3323319?
1
What is the units digit of 24850201?
1
What is the units digit of 185493?
3
What is the ten thousands digit of 6920490?
2
What is the units digit of 2287287?
7
What is the ten millions digit of 21433379?
2
What is the tens digit of 85217?
1
What is the thousands digit of 26616?
6
What is the millions digit of 2475096?
2
What is the ten thousands digit of 12175566?
7
What is the hundred thousands digit of 274009?
2
What is the hundreds digit of 1698579?
5
What is the ten thousands digit of 6866496?
6
What is the hundreds digit of 2938420?
4
What is the ten thousands digit of 3062721?
6
What is the thousands digit of 887355?
7
What is the millions digit of 4000468?
4
What is the ten thousands digit of 19240875?
4
What is the thousands digit of 84325?
4
What is the hundred thousands digit of 1851835?
8
What is the hundred thousands digit of 4390919?
3
What is the millions digit of 12903819?
2
What is the units digit of 148808?
8
What is the thousands digit of 8795323?
5
What is the tens digit of 969872?
7
What is the ten thousands digit of 257627?
5
What is the hundreds digit of 1092900?
9
What is the tens digit of 5533897?
9
What is the tens digit of 247616?
1
What is the ten thousands digit of 2196122?
9
What is the hundred thousands digit of 2864349?
8
What is the millions digit of 7282537?
7
What is the units digit of 8074348?
8
What is the units digit of 875479?
9
What is the ten thousands digit of 22735183?
3
What is the ten thousands digit of 258383?
5
What is the thousands digit of 1110427?
0
What is the hundreds digit of 3210938?
9
What is the ten thousands digit of 330433?
3
What is the millions digit of 1368492?
1
What is the tens digit of 11042?
4
What is the ten thousands digit of 437747?
3
What is the hundred thousands digit of 244392?
2
What is the ten thousands digit of 9454333?
5
What is the hundreds digit of 5987643?
6
What is the millions digit of 1777219?
1
What is the millions digit of 18509584?
8
What is the ten thousands digit of 162748?
6
What is the hundred thousands digit of 994192?
9
What is the hundreds digit of 220836?
8
What is the thousands digit of 481047?
1
What is the hundreds digit of 26437793?
7
What is the units digit of 433500?
0
What is the units digit of 436276?
6
What is the tens digit of 2427279?
7
What is the millions digit of 3491420?
3
What is the millions digit of 1469189?
1
What is the hundreds digit of 5597265?
2
What is the ten thousands digit of 32850?
3
What is the units digit of 9858720?
0
What is the hundred thousands digit of 619075?
6
What is the units digit of 2377264?
4
What is the units digit of 12009094?
4
What is the thousands digit of 122551?
2
What is the ten thousands digit of 696269?
9
What is the units digit of 25144088?
8
What is the thousands digit of 147273?
7
What is the units digit of 1354701?
1
What is the hundreds digit of 1703961?
9
What is the ten thousands digit of 336144?
3
What is the hundred thousands digit of 1421213?
4
What is the hundreds digit of 295412?
4
What is the tens digit of 700727?
2
What is the units digit of 93641?
1
What is the hundred thousands digit of 1975190?
9
What is the hundred thousands digit of 10042909?
0
What is the millions digit of 1850839?
1
What is the thousands digit of 5527506?
7
What is the thousands digit of 196368?
6
What is the thousands digit of 9093673?
3
What is the hundreds digit of 8969060?
0
What is the ten millions digit of 18040339?
1
What is the hundreds digit of 8417691?
6
What is the hundred thousands digit of 1272358?
2
What is the hundred thousands digit of 1561170?
5
What is the thousands digit of 759352?
9
What is the hundreds digit of 2126655?
6
What is the tens digit of 148237?
3
What is the hundred thousands digit of 627382?
6
What is the ten thousands digit of 25136263?
3
What is the hundreds digit of 518171?
1
What is the units digit of 10510227?
7
What is the hundreds digit of 1472163?
1
What is the tens digit of 146582?
8
What is the thousands digit of 703707?
3
What is the units digit of 260247?
7
What is the thousands digit of 175820?
5
What is the thousands digit of 5266995?
6
What is the ten thousands digit of 4648543?
4
What is the thousands digit of 460370?
0
What is the ten thousands digit of 3890902?
9
What is the hundred thousands digit of 1259125?
2
What is the hundred thousands digit of 5545668?
5
What is the tens digit of 223093?
9
What is the ten thousands digit of 8586207?
8
What is the tens digit of 26481242?
4
What is the units digit of 1593276?
6
What is the tens digit of 8243150?
5
What is the ten thousands digit of 243289?
4
What is the thousands digit of 564513?
4
What is the tens digit of 586127?
2
What is the ten thousands digit of 584586?
8
What is the hundred thousands digit of 134941?
1
What is the hundreds digit of 11319?
3
What is the ten thousands digit of 72724?
7
What is the units digit of 577999?
9
What is the thousands digit of 1445267?
5
What is the ten thousands digit of 5548317?
4
What is the ten thousands digit of 9693286?
9
What is the thousands digit of 825409?
5
What is the hundreds digit of 393193?
1
What is the thousands digit of 1112914?
2
What is the hundreds digit of 719570?
5
What is the thousands digit of 1900994?
0
What is the tens digit of 731492?
9
What is the thousands digit of 17806002?
6
What is the units digit of 2310242?
2
What is the millions digit of 1242389?
1
What is the hundreds digit of 1926117?
1
What is the thousands digit of 2336082?
6
What is the hundreds digit of 21463?
4
What is the hundred thousands digit of 3673340?
6
What is the units digit of 8922?
2
What is the hundred thousands digit of 29376173?
3
What is the units digit of 666729?
9
What is the units digit of 3015076?
6
What is the ten thousands digit of 38905?
3
What is the ten thousands digit of 452853?
5
What is the tens digit of 53504?
0
What is the thousands digit of 3061687?
1
What is the thousands digit of 59179?
9
What is the tens digit of 16860962?
6
What is the tens digit of 363499?
9
What is the thousands digit of 2203596?
3
What is the units digit of 538645?
5
What is the thousands digit of 202303?
2
What is the units digit of 238788?
8
What is the tens digit of 11769426?
2
What is the ten thousands digit of 171531?
7
What is the thousands digit of 258528?
8
What is the hundreds digit of 4244417?
4
What is the hundreds digit of 4372534?
5
What is the tens digit of 49859?
5
What is the hundred thousands digit of 14490564?
4
What is the hundreds digit of 504417?
4
What is the ten thousands digit of 11858016?
5
What is the units digit of 216932?
2
What is the tens digit of 5699728?
2
What is the millions digit of 1955798?
1
What is the millions digit of 1374784?
1
What is the thousands digit of 3422356?
2
What is the thousands digit of 439807?
9
What is the ten thousands digit of 35165?
3
What is the tens digit of 114555?
5
What is the hundreds digit of 322971?
9
What is the units digit of 236516?
6
What is the hundreds digit of 98117?
1
What is the hundred thousands digit of 860743?
8
What is the tens digit of 271579?
7
What is the hundred thousands digit of 6922142?
9
What is the units digit of 27033743?
3
What is the tens digit of 10850524?
2
What is the thousands digit of 6770097?
0
What is the units digit of 4468107?
7
What is the tens digit of 8013783?
8
What is the hundreds digit of